{"id":2,"date":"2022-09-30T15:10:36","date_gmt":"2022-09-30T13:10:36","guid":{"rendered":"http:\/\/www.la-retz-galade.com\/?page_id=2"},"modified":"2026-01-06T10:04:29","modified_gmt":"2026-01-06T09:04:29","slug":"page-d-exemple","status":"publish","type":"page","link":"https:\/\/www.la-retz-galade.com\/?page_id=2","title":{"rendered":"Les Soir\u00e9es Moules &amp; Frites"},"content":{"rendered":"\n<p>A partir de juillet une fois par semaine<br>Le calendrier sera bient\u00f4t disponible<br>Surtout pensez \u00e0 r\u00e9server&#8230;<br><br><\/p>\n\n\n\n<figure class=\"wp-block-table is-style-stripes\"><table class=\"has-fixed-layout\"><tbody><tr><td class=\"has-text-align-center\" data-align=\"center\">juillet<\/td><td class=\"has-text-align-center\" data-align=\"center\">Soir\u00e9e Moules &amp; Frites<\/td><\/tr><tr><td class=\"has-text-align-center\" data-align=\"center\">juillet<\/td><td class=\"has-text-align-center\" data-align=\"center\">Soir\u00e9e Moules &amp; Frites<\/td><\/tr><tr><td class=\"has-text-align-center\" data-align=\"center\">juillet<\/td><td class=\"has-text-align-center\" data-align=\"center\">Soir\u00e9e Moules &amp; Frites<\/td><\/tr><tr><td class=\"has-text-align-center\" data-align=\"center\"> juillet<\/td><td class=\"has-text-align-center\" data-align=\"center\">Soir\u00e9e Moules &amp; Frites<\/td><\/tr><tr><td class=\"has-text-align-center\" data-align=\"center\"> aout<\/td><td class=\"has-text-align-center\" data-align=\"center\">Soir\u00e9e Moules &amp; Frites<\/td><\/tr><tr><td class=\"has-text-align-center\" data-align=\"center\"> aout<\/td><td class=\"has-text-align-center\" data-align=\"center\">Soir\u00e9e Moules &amp; Frites<\/td><\/tr><tr><td class=\"has-text-align-center\" data-align=\"center\"> aout<\/td><td class=\"has-text-align-center\" data-align=\"center\">Soir\u00e9e Moules &amp; Frites<\/td><\/tr><tr><td class=\"has-text-align-center\" data-align=\"center\"> aout<\/td><td class=\"has-text-align-center\" data-align=\"center\">Soir\u00e9e Moules &amp; Frites<\/td><\/tr><\/tbody><\/table><\/figure>\n\n\n\n<p><\/p>\n","protected":false},"excerpt":{"rendered":"<p>A partir de juillet une fois par semaineLe calendrier sera bient\u00f4t disponibleSurtout pensez \u00e0 r\u00e9server&#8230; juillet Soir\u00e9e Moules &amp; Frites juillet Soir\u00e9e Moules &amp; Frites juillet Soir\u00e9e Moules &amp; Frites &hellip; <\/p>\n<p class=\"link-more\"><a href=\"https:\/\/www.la-retz-galade.com\/?page_id=2\" class=\"more-link\">Continuer la lecture<span class=\"screen-reader-text\"> de &laquo;&nbsp;Les Soir\u00e9es Moules &amp; Frites&nbsp;&raquo;<\/span><\/a><\/p>\n","protected":false},"author":1,"featured_media":348,"parent":0,"menu_order":0,"comment_status":"closed","ping_status":"open","template":"","meta":{"footnotes":""},"class_list":["post-2","page","type-page","status-publish","has-post-thumbnail","hentry"],"_links":{"self":[{"href":"https:\/\/www.la-retz-galade.com\/index.php?rest_route=\/wp\/v2\/pages\/2","targetHints":{"allow":["GET"]}}],"collection":[{"href":"https:\/\/www.la-retz-galade.com\/index.php?rest_route=\/wp\/v2\/pages"}],"about":[{"href":"https:\/\/www.la-retz-galade.com\/index.php?rest_route=\/wp\/v2\/types\/page"}],"author":[{"embeddable":true,"href":"https:\/\/www.la-retz-galade.com\/index.php?rest_route=\/wp\/v2\/users\/1"}],"replies":[{"embeddable":true,"href":"https:\/\/www.la-retz-galade.com\/index.php?rest_route=%2Fwp%2Fv2%2Fcomments&post=2"}],"version-history":[{"count":20,"href":"https:\/\/www.la-retz-galade.com\/index.php?rest_route=\/wp\/v2\/pages\/2\/revisions"}],"predecessor-version":[{"id":449,"href":"https:\/\/www.la-retz-galade.com\/index.php?rest_route=\/wp\/v2\/pages\/2\/revisions\/449"}],"wp:featuredmedia":[{"embeddable":true,"href":"https:\/\/www.la-retz-galade.com\/index.php?rest_route=\/wp\/v2\/media\/348"}],"wp:attachment":[{"href":"https:\/\/www.la-retz-galade.com\/index.php?rest_route=%2Fwp%2Fv2%2Fmedia&parent=2"}],"curies":[{"name":"wp","href":"https:\/\/api.w.org\/{rel}","templated":true}]}}

Les Soirées Moules &amp; Frites

<p>A partir de juillet une fois par semaine<br>Le calendrier sera bientôt disponible<br>Surtout pensez à réserver&#8230;<br><br></p>



<figure class="wp-block-table is-style-stripes"><table class="has-fixed-layout"><tbody><tr><td class="has-text-align-center" data-align="center">juillet</td><td class="has-text-align-center" data-align="center">Soirée Moules &amp; Frites</td></tr><tr><td class="has-text-align-center" data-align="center">juillet</td><td class="has-text-align-center" data-align="center">Soirée Moules &amp; Frites</td></tr><tr><td class="has-text-align-center" data-align="center">juillet</td><td class="has-text-align-center" data-align="center">Soirée Moules &amp; Frites</td></tr><tr><td class="has-text-align-center" data-align="center"> juillet</td><td class="has-text-align-center" data-align="center">Soirée Moules &amp; Frites</td></tr><tr><td class="has-text-align-center" data-align="center"> aout</td><td class="has-text-align-center" data-align="center">Soirée Moules &amp; Frites</td></tr><tr><td class="has-text-align-center" data-align="center"> aout</td><td class="has-text-align-center" data-align="center">Soirée Moules &amp; Frites</td></tr><tr><td class="has-text-align-center" data-align="center"> aout</td><td class="has-text-align-center" data-align="center">Soirée Moules &amp; Frites</td></tr><tr><td class="has-text-align-center" data-align="center"> aout</td><td class="has-text-align-center" data-align="center">Soirée Moules &amp; Frites</td></tr></tbody></table></figure>



<p></p>

<p>A partir de juillet une fois par semaineLe calendrier sera bientôt disponibleSurtout pensez à réserver&#8230; juillet Soirée Moules &amp; Frites juillet Soirée Moules &amp; Frites juillet Soirée Moules &amp; Frites &hellip; </p>
<p class="link-more"><a href="https://www.la-retz-galade.com/?page_id=2" class="more-link">Continuer la lecture<span class="screen-reader-text"> de &laquo;&nbsp;Les Soirées Moules &amp; Frites&nbsp;&raquo;</span></a></p>
